{"id":21,"date":"2015-06-25T16:35:11","date_gmt":"2015-06-25T16:35:11","guid":{"rendered":"http:\/\/localhost\/wordpress\/?page_id=21"},"modified":"2023-08-30T11:44:15","modified_gmt":"2023-08-30T14:44:15","slug":"home","status":"publish","type":"page","link":"https:\/\/museu.detic.unicamp.br\/museu\/","title":{"rendered":"Hist\u00f3rico"},"content":{"rendered":"\t\t<div data-elementor-type=\"wp-page\" data-elementor-id=\"21\" class=\"elementor elementor-21\">\n\t\t\t\t\t\t<section class=\"elementor-section elementor-top-section elementor-element elementor-element-18dac3fc elementor-section-boxed elementor-section-height-default elementor-section-height-default\" data-id=\"18dac3fc\" data-element_type=\"section\" data-e-type=\"section\">\n\t\t\t\t\t\t<div class=\"elementor-container elementor-column-gap-default\">\n\t\t\t\t\t<div class=\"elementor-column elementor-col-100 elementor-top-column elementor-element elementor-element-67d4e271\" data-id=\"67d4e271\" data-element_type=\"column\" data-e-type=\"column\">\n\t\t\t<div class=\"elementor-widget-wrap elementor-element-populated\">\n\t\t\t\t\t\t<div class=\"elementor-element elementor-element-507fc31e elementor-widget elementor-widget-text-editor\" data-id=\"507fc31e\" data-element_type=\"widget\" data-e-type=\"widget\" data-widget_type=\"text-editor.default\">\n\t\t\t\t<div class=\"elementor-widget-container\">\n\t\t\t\t\t\t\t\t\t<p><span style=\"font-size: 16px;\"><span style=\"font-family: verdana,geneva,sans-serif;\"><span style=\"color: #696969;\">O acervo do Museu de Inform\u00e1tica da UNICAMP \u00e9 composto por equipamentos e acess\u00f3rios que fizeram parte da hist\u00f3ria e da evolu\u00e7\u00e3o da inform\u00e1tica na Universidade e no mundo.<\/span><\/span><\/span><\/p><p><span style=\"font-size: 16px;\"><span style=\"font-family: verdana,geneva,sans-serif;\"><span style=\"color: #696969;\">Caso tenha interesse em visitar o Museu, clique na op\u00e7\u00e3o \u201cVisitas\u201d no menu ao lado para saber mais.\u00a0<\/span><\/span><\/span><\/p><p><a href=\"https:\/\/www.youtube.com\/watch?v=zpdwVJFz5DA\" target=\"_blank\" rel=\"noopener\">\u2666 V\u00eddeo Hist\u00f3ria da Inform\u00e1tica\/CCUEC<\/a><\/p>\t\t\t\t\t\t\t\t<\/div>\n\t\t\t\t<\/div>\n\t\t\t\t\t<\/div>\n\t\t<\/div>\n\t\t\t\t\t<\/div>\n\t\t<\/section>\n\t\t\t\t<section class=\"elementor-section elementor-top-section elementor-element elementor-element-dcc7cc4 elementor-section-boxed elementor-section-height-default elementor-section-height-default\" data-id=\"dcc7cc4\" data-element_type=\"section\" data-e-type=\"section\">\n\t\t\t\t\t\t<div class=\"elementor-container elementor-column-gap-default\">\n\t\t\t\t\t<div class=\"elementor-column elementor-col-100 elementor-top-column elementor-element elementor-element-e0967f3\" data-id=\"e0967f3\" data-element_type=\"column\" data-e-type=\"column\">\n\t\t\t<div class=\"elementor-widget-wrap elementor-element-populated\">\n\t\t\t\t\t\t<div class=\"elementor-element elementor-element-46041ef gallery-spacing-custom animated-slow elementor-invisible elementor-widget elementor-widget-image-gallery\" data-id=\"46041ef\" data-element_type=\"widget\" data-e-type=\"widget\" data-settings=\"{&quot;_animation&quot;:&quot;fadeInRight&quot;}\" data-widget_type=\"image-gallery.default\">\n\t\t\t\t<div class=\"elementor-widget-container\">\n\t\t\t\t\t\t\t<div class=\"elementor-image-gallery\">\n\t\t\t<div id='gallery-1' class='gallery galleryid-21 gallery-columns-3 gallery-size-large'><figure class='gallery-item'>\n\t\t\t<div class='gallery-icon landscape'>\n\t\t\t\t<a data-elementor-open-lightbox=\"yes\" data-elementor-lightbox-slideshow=\"46041ef\" data-elementor-lightbox-title=\"foto adami1\" data-e-action-hash=\"#elementor-action%3Aaction%3Dlightbox%26settings%3DeyJpZCI6NDA3OCwidXJsIjoiaHR0cHM6XC9cL211c2V1LmRldGljLnVuaWNhbXAuYnJcL211c2V1XC93cC1jb250ZW50XC91cGxvYWRzXC9zaXRlc1wvOVwvMjAyMVwvMTBcL2ZvdG8tYWRhbWkxLTEuanBnIiwic2xpZGVzaG93IjoiNDYwNDFlZiJ9\" href='https:\/\/museu.detic.unicamp.br\/museu\/wp-content\/uploads\/sites\/9\/2021\/10\/foto-adami1-1.jpg'><img fetchpriority=\"high\" decoding=\"async\" width=\"720\" height=\"527\" src=\"https:\/\/museu.detic.unicamp.br\/museu\/wp-content\/uploads\/sites\/9\/2021\/10\/foto-adami1-1.jpg\" class=\"attachment-large size-large\" alt=\"\" aria-describedby=\"gallery-1-4078\" srcset=\"https:\/\/museu.detic.unicamp.br\/museu\/wp-content\/uploads\/sites\/9\/2021\/10\/foto-adami1-1.jpg 875w, https:\/\/museu.detic.unicamp.br\/museu\/wp-content\/uploads\/sites\/9\/2021\/10\/foto-adami1-1-300x220.jpg 300w, https:\/\/museu.detic.unicamp.br\/museu\/wp-content\/uploads\/sites\/9\/2021\/10\/foto-adami1-1-768x563.jpg 768w\" sizes=\"(max-width: 720px) 100vw, 720px\" \/><\/a>\n\t\t\t<\/div>\n\t\t\t\t<figcaption class='wp-caption-text gallery-caption' id='gallery-1-4078'>\n\t\t\t\tPrimeiro computador de grande porte IBM 1130, primeiro operador, Sr Adami (11\/1967) \n\t\t\t\t<\/figcaption><\/figure><figure class='gallery-item'>\n\t\t\t<div class='gallery-icon landscape'>\n\t\t\t\t<a data-elementor-open-lightbox=\"yes\" data-elementor-lightbox-slideshow=\"46041ef\" data-elementor-lightbox-title=\"SalaDeComputadores1\" data-e-action-hash=\"#elementor-action%3Aaction%3Dlightbox%26settings%3DeyJpZCI6NDA3OSwidXJsIjoiaHR0cHM6XC9cL211c2V1LmRldGljLnVuaWNhbXAuYnJcL211c2V1XC93cC1jb250ZW50XC91cGxvYWRzXC9zaXRlc1wvOVwvMjAyMVwvMTBcL1NhbGFEZUNvbXB1dGFkb3JlczEtMS5wbmciLCJzbGlkZXNob3ciOiI0NjA0MWVmIn0%3D\" href='https:\/\/museu.detic.unicamp.br\/museu\/wp-content\/uploads\/sites\/9\/2021\/10\/SalaDeComputadores1-1.png'><img decoding=\"async\" width=\"720\" height=\"514\" src=\"https:\/\/museu.detic.unicamp.br\/museu\/wp-content\/uploads\/sites\/9\/2021\/10\/SalaDeComputadores1-1.png\" class=\"attachment-large size-large\" alt=\"\" aria-describedby=\"gallery-1-4079\" srcset=\"https:\/\/museu.detic.unicamp.br\/museu\/wp-content\/uploads\/sites\/9\/2021\/10\/SalaDeComputadores1-1.png 873w, https:\/\/museu.detic.unicamp.br\/museu\/wp-content\/uploads\/sites\/9\/2021\/10\/SalaDeComputadores1-1-300x214.png 300w, https:\/\/museu.detic.unicamp.br\/museu\/wp-content\/uploads\/sites\/9\/2021\/10\/SalaDeComputadores1-1-768x548.png 768w\" sizes=\"(max-width: 720px) 100vw, 720px\" \/><\/a>\n\t\t\t<\/div>\n\t\t\t\t<figcaption class='wp-caption-text gallery-caption' id='gallery-1-4079'>\n\t\t\t\tSala de Computadores 1 &#8211; Fonte: Siarq\n\t\t\t\t<\/figcaption><\/figure><figure class='gallery-item'>\n\t\t\t<div class='gallery-icon landscape'>\n\t\t\t\t<a data-elementor-open-lightbox=\"yes\" data-elementor-lightbox-slideshow=\"46041ef\" data-elementor-lightbox-title=\"SalaDeComputadores2\" data-e-action-hash=\"#elementor-action%3Aaction%3Dlightbox%26settings%3DeyJpZCI6NDA4MCwidXJsIjoiaHR0cHM6XC9cL211c2V1LmRldGljLnVuaWNhbXAuYnJcL211c2V1XC93cC1jb250ZW50XC91cGxvYWRzXC9zaXRlc1wvOVwvMjAyMVwvMTBcL1NhbGFEZUNvbXB1dGFkb3JlczItMS5wbmciLCJzbGlkZXNob3ciOiI0NjA0MWVmIn0%3D\" href='https:\/\/museu.detic.unicamp.br\/museu\/wp-content\/uploads\/sites\/9\/2021\/10\/SalaDeComputadores2-1.png'><img decoding=\"async\" width=\"720\" height=\"518\" src=\"https:\/\/museu.detic.unicamp.br\/museu\/wp-content\/uploads\/sites\/9\/2021\/10\/SalaDeComputadores2-1.png\" class=\"attachment-large size-large\" alt=\"\" aria-describedby=\"gallery-1-4080\" srcset=\"https:\/\/museu.detic.unicamp.br\/museu\/wp-content\/uploads\/sites\/9\/2021\/10\/SalaDeComputadores2-1.png 875w, https:\/\/museu.detic.unicamp.br\/museu\/wp-content\/uploads\/sites\/9\/2021\/10\/SalaDeComputadores2-1-300x216.png 300w, https:\/\/museu.detic.unicamp.br\/museu\/wp-content\/uploads\/sites\/9\/2021\/10\/SalaDeComputadores2-1-768x552.png 768w\" sizes=\"(max-width: 720px) 100vw, 720px\" \/><\/a>\n\t\t\t<\/div>\n\t\t\t\t<figcaption class='wp-caption-text gallery-caption' id='gallery-1-4080'>\n\t\t\t\tSala de Computadores 2 &#8211; Fonte: Siarq\n\t\t\t\t<\/figcaption><\/figure><figure class='gallery-item'>\n\t\t\t<div class='gallery-icon landscape'>\n\t\t\t\t<a data-elementor-open-lightbox=\"yes\" data-elementor-lightbox-slideshow=\"46041ef\" data-elementor-lightbox-title=\"SalaDeperfuradores\" data-e-action-hash=\"#elementor-action%3Aaction%3Dlightbox%26settings%3DeyJpZCI6NDA4MSwidXJsIjoiaHR0cHM6XC9cL211c2V1LmRldGljLnVuaWNhbXAuYnJcL211c2V1XC93cC1jb250ZW50XC91cGxvYWRzXC9zaXRlc1wvOVwvMjAyMVwvMTBcL1NhbGFEZXBlcmZ1cmFkb3Jlcy0xLnBuZyIsInNsaWRlc2hvdyI6IjQ2MDQxZWYifQ%3D%3D\" href='https:\/\/museu.detic.unicamp.br\/museu\/wp-content\/uploads\/sites\/9\/2021\/10\/SalaDeperfuradores-1.png'><img loading=\"lazy\" decoding=\"async\" width=\"720\" height=\"527\" src=\"https:\/\/museu.detic.unicamp.br\/museu\/wp-content\/uploads\/sites\/9\/2021\/10\/SalaDeperfuradores-1.png\" class=\"attachment-large size-large\" alt=\"\" aria-describedby=\"gallery-1-4081\" srcset=\"https:\/\/museu.detic.unicamp.br\/museu\/wp-content\/uploads\/sites\/9\/2021\/10\/SalaDeperfuradores-1.png 875w, https:\/\/museu.detic.unicamp.br\/museu\/wp-content\/uploads\/sites\/9\/2021\/10\/SalaDeperfuradores-1-300x220.png 300w, https:\/\/museu.detic.unicamp.br\/museu\/wp-content\/uploads\/sites\/9\/2021\/10\/SalaDeperfuradores-1-768x563.png 768w\" sizes=\"(max-width: 720px) 100vw, 720px\" \/><\/a>\n\t\t\t<\/div>\n\t\t\t\t<figcaption class='wp-caption-text gallery-caption' id='gallery-1-4081'>\n\t\t\t\tSala de Perfuradores &#8211; Fonte: Siarq\n\t\t\t\t<\/figcaption><\/figure><figure class='gallery-item'>\n\t\t\t<div class='gallery-icon landscape'>\n\t\t\t\t<a data-elementor-open-lightbox=\"yes\" data-elementor-lightbox-slideshow=\"46041ef\" data-elementor-lightbox-title=\"SalaDosProgramadores\" data-e-action-hash=\"#elementor-action%3Aaction%3Dlightbox%26settings%3DeyJpZCI6NDA4MiwidXJsIjoiaHR0cHM6XC9cL211c2V1LmRldGljLnVuaWNhbXAuYnJcL211c2V1XC93cC1jb250ZW50XC91cGxvYWRzXC9zaXRlc1wvOVwvMjAyMVwvMTBcL1NhbGFEb3NQcm9ncmFtYWRvcmVzLTEuanBnIiwic2xpZGVzaG93IjoiNDYwNDFlZiJ9\" href='https:\/\/museu.detic.unicamp.br\/museu\/wp-content\/uploads\/sites\/9\/2021\/10\/SalaDosProgramadores-1.jpg'><img loading=\"lazy\" decoding=\"async\" width=\"720\" height=\"531\" src=\"https:\/\/museu.detic.unicamp.br\/museu\/wp-content\/uploads\/sites\/9\/2021\/10\/SalaDosProgramadores-1.jpg\" class=\"attachment-large size-large\" alt=\"\" aria-describedby=\"gallery-1-4082\" srcset=\"https:\/\/museu.detic.unicamp.br\/museu\/wp-content\/uploads\/sites\/9\/2021\/10\/SalaDosProgramadores-1.jpg 875w, https:\/\/museu.detic.unicamp.br\/museu\/wp-content\/uploads\/sites\/9\/2021\/10\/SalaDosProgramadores-1-300x221.jpg 300w, https:\/\/museu.detic.unicamp.br\/museu\/wp-content\/uploads\/sites\/9\/2021\/10\/SalaDosProgramadores-1-768x566.jpg 768w\" sizes=\"(max-width: 720px) 100vw, 720px\" \/><\/a>\n\t\t\t<\/div>\n\t\t\t\t<figcaption class='wp-caption-text gallery-caption' id='gallery-1-4082'>\n\t\t\t\tSala dos Programadores &#8211; Fonte: Siarq\n\t\t\t\t<\/figcaption><\/figure>\n\t\t<\/div>\n\t\t<\/div>\n\t\t\t\t\t\t<\/div>\n\t\t\t\t<\/div>\n\t\t\t\t\t<\/div>\n\t\t<\/div>\n\t\t\t\t\t<\/div>\n\t\t<\/section>\n\t\t\t\t<\/div>\n\t\t","protected":false},"excerpt":{"rendered":"<p>O acervo do Museu de Inform\u00e1tica da UNICAMP \u00e9 composto por equipamentos e acess\u00f3rios que fizeram parte da hist\u00f3ria e da evolu\u00e7\u00e3o da inform\u00e1tica na Universidade e no mundo. Caso [&hellip;]<\/p>\n","protected":false},"author":1,"featured_media":0,"parent":0,"menu_order":0,"comment_status":"closed","ping_status":"closed","template":"","meta":{"_crdt_document":"","ngg_post_thumbnail":0,"footnotes":""},"class_list":["post-21","page","type-page","status-publish","hentry"],"yoast_head":"<!-- This site is optimized with the Yoast SEO plugin v27.2 - https:\/\/yoast.com\/product\/yoast-seo-wordpress\/ -->\n<title>Hist\u00f3rico - Museu de Inform\u00e1tica da Unicamp<\/title>\n<meta name=\"robots\" content=\"index, follow, max-snippet:-1, max-image-preview:large, max-video-preview:-1\" \/>\n<link rel=\"canonical\" href=\"https:\/\/museu.detic.unicamp.br\/museu\/\" \/>\n<meta property=\"og:locale\" content=\"pt_BR\" \/>\n<meta property=\"og:type\" content=\"article\" \/>\n<meta property=\"og:title\" content=\"Hist\u00f3rico - Museu de Inform\u00e1tica da Unicamp\" \/>\n<meta property=\"og:description\" content=\"O acervo do Museu de Inform\u00e1tica da UNICAMP \u00e9 composto por equipamentos e acess\u00f3rios que fizeram parte da hist\u00f3ria e da evolu\u00e7\u00e3o da inform\u00e1tica na Universidade e no mundo. Caso [&hellip;]\" \/>\n<meta property=\"og:url\" content=\"https:\/\/museu.detic.unicamp.br\/museu\/\" \/>\n<meta property=\"og:site_name\" content=\"Museu de Inform\u00e1tica da Unicamp\" \/>\n<meta property=\"article:modified_time\" content=\"2023-08-30T14:44:15+00:00\" \/>\n<meta property=\"og:image\" content=\"https:\/\/www.ccuec.unicamp.br\/museu\/wp-content\/uploads\/sites\/9\/2021\/10\/foto-adami1-1.jpg\" \/>\n<meta name=\"twitter:card\" content=\"summary_large_image\" \/>\n<meta name=\"twitter:label1\" content=\"Est. tempo de leitura\" \/>\n\t<meta name=\"twitter:data1\" content=\"2 minutos\" \/>\n<script type=\"application\/ld+json\" class=\"yoast-schema-graph\">{\"@context\":\"https:\/\/schema.org\",\"@graph\":[{\"@type\":\"WebPage\",\"@id\":\"https:\/\/museu.detic.unicamp.br\/museu\/\",\"url\":\"https:\/\/museu.detic.unicamp.br\/museu\/\",\"name\":\"Hist\u00f3rico - Museu de Inform\u00e1tica da Unicamp\",\"isPartOf\":{\"@id\":\"https:\/\/museu.detic.unicamp.br\/museu\/#website\"},\"primaryImageOfPage\":{\"@id\":\"https:\/\/museu.detic.unicamp.br\/museu\/#primaryimage\"},\"image\":{\"@id\":\"https:\/\/museu.detic.unicamp.br\/museu\/#primaryimage\"},\"thumbnailUrl\":\"https:\/\/www.ccuec.unicamp.br\/museu\/wp-content\/uploads\/sites\/9\/2021\/10\/foto-adami1-1.jpg\",\"datePublished\":\"2015-06-25T16:35:11+00:00\",\"dateModified\":\"2023-08-30T14:44:15+00:00\",\"breadcrumb\":{\"@id\":\"https:\/\/museu.detic.unicamp.br\/museu\/#breadcrumb\"},\"inLanguage\":\"pt-BR\",\"potentialAction\":[{\"@type\":\"ReadAction\",\"target\":[\"https:\/\/museu.detic.unicamp.br\/museu\/\"]}]},{\"@type\":\"ImageObject\",\"inLanguage\":\"pt-BR\",\"@id\":\"https:\/\/museu.detic.unicamp.br\/museu\/#primaryimage\",\"url\":\"https:\/\/www.ccuec.unicamp.br\/museu\/wp-content\/uploads\/sites\/9\/2021\/10\/foto-adami1-1.jpg\",\"contentUrl\":\"https:\/\/www.ccuec.unicamp.br\/museu\/wp-content\/uploads\/sites\/9\/2021\/10\/foto-adami1-1.jpg\"},{\"@type\":\"BreadcrumbList\",\"@id\":\"https:\/\/museu.detic.unicamp.br\/museu\/#breadcrumb\",\"itemListElement\":[{\"@type\":\"ListItem\",\"position\":1,\"name\":\"In\u00edcio\",\"item\":\"https:\/\/museu.detic.unicamp.br\/museu\/\"},{\"@type\":\"ListItem\",\"position\":2,\"name\":\"Hist\u00f3rico\"}]},{\"@type\":\"WebSite\",\"@id\":\"https:\/\/museu.detic.unicamp.br\/museu\/#website\",\"url\":\"https:\/\/museu.detic.unicamp.br\/museu\/\",\"name\":\"Museu de Inform\u00e1tica da Unicamp\",\"description\":\"Museu cont\u00e9m equipamentos que est\u00e3o ligados \u00e0 hist\u00f3ria da inform\u00e1tica na UNICAMP\",\"potentialAction\":[{\"@type\":\"SearchAction\",\"target\":{\"@type\":\"EntryPoint\",\"urlTemplate\":\"https:\/\/museu.detic.unicamp.br\/museu\/?s={search_term_string}\"},\"query-input\":{\"@type\":\"PropertyValueSpecification\",\"valueRequired\":true,\"valueName\":\"search_term_string\"}}],\"inLanguage\":\"pt-BR\"}]}<\/script>\n<!-- \/ Yoast SEO plugin. -->","yoast_head_json":{"title":"Hist\u00f3rico - Museu de Inform\u00e1tica da Unicamp","robots":{"index":"index","follow":"follow","max-snippet":"max-snippet:-1","max-image-preview":"max-image-preview:large","max-video-preview":"max-video-preview:-1"},"canonical":"https:\/\/museu.detic.unicamp.br\/museu\/","og_locale":"pt_BR","og_type":"article","og_title":"Hist\u00f3rico - Museu de Inform\u00e1tica da Unicamp","og_description":"O acervo do Museu de Inform\u00e1tica da UNICAMP \u00e9 composto por equipamentos e acess\u00f3rios que fizeram parte da hist\u00f3ria e da evolu\u00e7\u00e3o da inform\u00e1tica na Universidade e no mundo. Caso [&hellip;]","og_url":"https:\/\/museu.detic.unicamp.br\/museu\/","og_site_name":"Museu de Inform\u00e1tica da Unicamp","article_modified_time":"2023-08-30T14:44:15+00:00","og_image":[{"url":"https:\/\/www.ccuec.unicamp.br\/museu\/wp-content\/uploads\/sites\/9\/2021\/10\/foto-adami1-1.jpg","type":"","width":"","height":""}],"twitter_card":"summary_large_image","twitter_misc":{"Est. tempo de leitura":"2 minutos"},"schema":{"@context":"https:\/\/schema.org","@graph":[{"@type":"WebPage","@id":"https:\/\/museu.detic.unicamp.br\/museu\/","url":"https:\/\/museu.detic.unicamp.br\/museu\/","name":"Hist\u00f3rico - Museu de Inform\u00e1tica da Unicamp","isPartOf":{"@id":"https:\/\/museu.detic.unicamp.br\/museu\/#website"},"primaryImageOfPage":{"@id":"https:\/\/museu.detic.unicamp.br\/museu\/#primaryimage"},"image":{"@id":"https:\/\/museu.detic.unicamp.br\/museu\/#primaryimage"},"thumbnailUrl":"https:\/\/www.ccuec.unicamp.br\/museu\/wp-content\/uploads\/sites\/9\/2021\/10\/foto-adami1-1.jpg","datePublished":"2015-06-25T16:35:11+00:00","dateModified":"2023-08-30T14:44:15+00:00","breadcrumb":{"@id":"https:\/\/museu.detic.unicamp.br\/museu\/#breadcrumb"},"inLanguage":"pt-BR","potentialAction":[{"@type":"ReadAction","target":["https:\/\/museu.detic.unicamp.br\/museu\/"]}]},{"@type":"ImageObject","inLanguage":"pt-BR","@id":"https:\/\/museu.detic.unicamp.br\/museu\/#primaryimage","url":"https:\/\/www.ccuec.unicamp.br\/museu\/wp-content\/uploads\/sites\/9\/2021\/10\/foto-adami1-1.jpg","contentUrl":"https:\/\/www.ccuec.unicamp.br\/museu\/wp-content\/uploads\/sites\/9\/2021\/10\/foto-adami1-1.jpg"},{"@type":"BreadcrumbList","@id":"https:\/\/museu.detic.unicamp.br\/museu\/#breadcrumb","itemListElement":[{"@type":"ListItem","position":1,"name":"In\u00edcio","item":"https:\/\/museu.detic.unicamp.br\/museu\/"},{"@type":"ListItem","position":2,"name":"Hist\u00f3rico"}]},{"@type":"WebSite","@id":"https:\/\/museu.detic.unicamp.br\/museu\/#website","url":"https:\/\/museu.detic.unicamp.br\/museu\/","name":"Museu de Inform\u00e1tica da Unicamp","description":"Museu cont\u00e9m equipamentos que est\u00e3o ligados \u00e0 hist\u00f3ria da inform\u00e1tica na UNICAMP","potentialAction":[{"@type":"SearchAction","target":{"@type":"EntryPoint","urlTemplate":"https:\/\/museu.detic.unicamp.br\/museu\/?s={search_term_string}"},"query-input":{"@type":"PropertyValueSpecification","valueRequired":true,"valueName":"search_term_string"}}],"inLanguage":"pt-BR"}]}},"_links":{"self":[{"href":"https:\/\/museu.detic.unicamp.br\/museu\/index.php?rest_route=\/wp\/v2\/pages\/21","targetHints":{"allow":["GET"]}}],"collection":[{"href":"https:\/\/museu.detic.unicamp.br\/museu\/index.php?rest_route=\/wp\/v2\/pages"}],"about":[{"href":"https:\/\/museu.detic.unicamp.br\/museu\/index.php?rest_route=\/wp\/v2\/types\/page"}],"author":[{"embeddable":true,"href":"https:\/\/museu.detic.unicamp.br\/museu\/index.php?rest_route=\/wp\/v2\/users\/1"}],"replies":[{"embeddable":true,"href":"https:\/\/museu.detic.unicamp.br\/museu\/index.php?rest_route=%2Fwp%2Fv2%2Fcomments&post=21"}],"version-history":[{"count":72,"href":"https:\/\/museu.detic.unicamp.br\/museu\/index.php?rest_route=\/wp\/v2\/pages\/21\/revisions"}],"predecessor-version":[{"id":4689,"href":"https:\/\/museu.detic.unicamp.br\/museu\/index.php?rest_route=\/wp\/v2\/pages\/21\/revisions\/4689"}],"wp:attachment":[{"href":"https:\/\/museu.detic.unicamp.br\/museu\/index.php?rest_route=%2Fwp%2Fv2%2Fmedia&parent=21"}],"curies":[{"name":"wp","href":"https:\/\/api.w.org\/{rel}","templated":true}]}}